the prime factors of 81/3*p/(-6)?
2, 3
Let y(f) = 25*f**2 + f - 1. What are the prime factors of y(2)?
101
Let h(i) = -i - 1. Let w be h(-1). Suppose -15 = -d - d + p, 0 = -4*d - 4*p. Let u = d + w. What are the prime factors of u?
5
What are the prime factors of (-2)/((-8)/(-12)) - -59 - 0?
2, 7
Let i(c) = -38*c + 2. Let l be i(-3). Suppose -5*u - l = -9*u. List the prime factors of u.
29
Suppose -v = 9 - 48. What are the prime factors of v?
3, 13
Let p = 6 - 7. What are the prime factors of 18 + (p - -2) + 2?
3, 7
Let t(j) = j + 12. Let f be t(-10). Suppose f*h + 10 = -4*m, -2*h = 3*m - 5*m - 20. What are the prime factors of h?
5
Suppose 5*y - 15 = 3*x + 2*x, 2*x - 19 = -3*y. Suppose -5*a + x*h = -46, 5*a - 2*a - 30 = 2*h. List the prime factors of a.
2
What are the prime factors of 183 + 5 + -7 + -1?
2, 3, 5
Let h be 6 - 1 - (-5 + 5). Suppose -2*y - 156 = -4*v, 6*y + 193 = h*v + 3*y. What are the prime factors of v?
41
Let a(k) = k - 5. Let l be a(6). Suppose 4*m - l = 31. List the prime factors of m.
2
Suppose -4*y + 24 = -2*y - 4*s, 0 = -4*y - 4*s. Let l(w) = -w**3 - 2*w**2 - 2*w - 1. Let m be l(-1). Suppose y*o - o - 9 = m. What are the prime factors of o?
3
Let a(b) = b**3 - 3*b**2 - 4*b + 5. Let g be a(4). Suppose 4*q = g*q - 16. List the prime factors of q.
2
Suppose c - 4*d = -2*d + 14, 5*d = -4*c - 9. List the prime factors of c.
2
Let s = 33 - 20. Suppose s*b = 8*b + 90. List the prime factors of b.
2, 3
Let g = -2 - -2. Suppose -3*t = 12, x + 4*t = -g*x - 5. List the prime factors of (x/(-2))/((-5)/10).
11
Suppose -10 = -2*t + 2*i, -3*i + 17 = 4*t + 4. What are the prime factors of 81/15 + t/(-10)?
5
Let j(y) be the third derivative of -y**5/120 + 5*y**4/24 + y**3/3 + 2*y**2. Let s(g) be the first derivative of j(g). What are the prime factors of s(-6)?
11
Let i be 16/3*54/12. Let h be i/20 - (-2)/(-10). Suppose -k = 2*t - 28, 0 = 4*k + 7 + h. List the prime factors of t.
3, 5
Suppose -3*a = -a + 5*w - 78, 0 = 3*a + 4*w - 117. Suppose 8 - 60 = -2*h. Let m = a - h. What are the prime factors of m?
13
Suppose 0 = -3*a - 6, 6*b = 2*b + 3*a + 86. Let s = b + -14. List the prime factors of s.
2, 3
Suppose 0 = -a + 29 + 41. Suppose 0 = -4*t - 4, -4*d + 76 = 2*t - a. List the prime factors of d.
37
Suppose 4*b - 46 = 2*b. Let z = 38 - b. What are the prime factors of z?
3, 5
Suppose -i + 101 = 4*q - 0*q, 0 = q - 2*i - 14. Let d = -7 + q. List the prime factors of d.
17
What are the prime factors of 434/10 - (-33)/55?
2, 11
Suppose 0 = 5*x - n, -3*n - 5 + 15 = -5*x. List the prime factors of 1/(5/(-6) + x).
2, 3
Suppose -4*h - 40 = 4. Let k = -6 - h. List the prime factors of k.
5
Let g = -2 + 8. Let w(r) = r**2 - 5*r + 2. List the prime factors of w(g).
2
Suppose 0*t - 9 = -3*t. Suppose 0 = 3*b + 5*y + 6 + 2, t*y = -4*b - 18. Let z = 14 + b. List the prime factors of z.
2
Let h(s) = 4*s**3 + 3*s**2 + 4*s + 3. Let b be h(-2). Let d = b - -38. Suppose d = 3*n - 2*n. What are the prime factors of n?
13
Let o(j) = j. Let l = -21 + 11. Let h(y) = 6*y. Let z(r) = l*o(r) + 2*h(r). List the prime factors of z(4).
2
Suppose 0 = 2*y - 166 - 108. List the prime factors of y.
137
Suppose 4*q + 4*s = 1224, -2*q + 4*s - s + 587 = 0. List the prime factors of q.
7, 43
Let y = 5 + -1. Suppose 0 = -y*z + 4*q + 72, -3*z + q + 70 = 6*q. What are the prime factors of (-3)/9 + z/6?
3
Let z(g) = g**2 - 3*g - 3. Let s(v) = -v. Let m(k) = 4*s(k) - z(k). Let j be m(0). Suppose -j*h - 1 = -22. What are the prime factors of h?
7
Suppose -5*k + 540 = -2*w, 95 = k - 0*k - 3*w. List the prime factors of k.
2, 5, 11
Suppose 0 = -0*f - f + 5. What are the prime factors of f?
5
Let k be 3 + -1 + (-4 - 0). Suppose 5*n - 4*u + 7*u + 21 = 0, u + 17 = -5*n. What are the prime factors of (n - -11) + 0/k?
2
Let w be 33*((-6)/(-3) - 3). What are the prime factors of (w/15)/(2/(-10))?
11
Let s(v) = -1 - 3 + v + 5 + 2. What are the prime factors of s(3)?
2, 3
Let a = 5 + 0. Suppose a*g = -3*u - 0*u + 30, 4*g = 3*u - 57. What are the prime factors of u?
3, 5
Let q(b) be the first derivative of 2*b**3/3 - b**2 + 2*b + 2. List the prime factors of q(3).
2, 7
Let h be (11/2)/(3/6). Suppose h = -n + 31. List the prime factors of n.
2, 5
Let v(d) = 4*d**2 - 2*d + 1. Let s be v(1). Suppose 3*w + 3*o + 4 = -2*w, -2*o = s*w + 2. Let l = w + 5. What are the prime factors of l?
3
List the prime factors of 3/((-9)/(-129)) - 0.
43
Let t be 24*(-1 + 2)/1. Suppose -3*q + t = q. List the prime factors of q.
2, 3
Let b = -4 - -5. Let q(i) = -2 + 5*i + 4*i**2 + 1 - 4*i. What are the prime factors of q(b)?
2
Suppose -5*i - 3*a + 138 = -50, 4*i + 4*a - 152 = 0. What are the prime factors of i?
37
Let x(g) = -g**2 - 5*g - 1. Let d be x(-2). Suppose 0 = -d*h - c + 55, 2*h = c + 6 + 16. List the prime factors of h.
11
Let o(g) be the second derivative of g**3/6 + g**2 + 2*g. Let t be o(2). Suppose -3*s - l = -14, 0 = -3*s + s + t*l - 14. List the prime factors of s.
3
Suppose 0*i = -5*i - l - 114, l + 4 = 0. What are the prime factors of (-3)/6*i + -2?
3
Let b = 31 + -4. List the prime factors of b.
3
Let h(z) = -z + 17. Suppose -13 = -3*r - 4*n, -n - 3 = -1. List the prime factors of h(r).
2, 5
Suppose q = 1 + 2. Suppose q*s + 93 = c + 2*c, -2*c = -s - 57. Let h = c - 18. What are the prime factors of h?
2
Suppose -61 = -3*w + 29. List the prime factors of w/(-8)*(-48)/9.
2, 5
Let k(b) = -2*b + 4. Let t be k(-5). Let n(u) = u - 8. What are the prime factors of n(t)?
2, 3
Let g = -13 - -13. Suppose g = 3*s - 7*s + 88. List the prime factors of s.
2, 11
Let h(o) = o**3 + 2*o**2 + 2*o + 1. Let z be h(-1). Suppose z = -5*w + 157 - 7. What are the prime factors of w?
2, 3, 5
Let q(t) = 2 + 5*t**3 + 4*t - t**3 - 3*t**3 + 6*t**2 + 2*t**2. What are the prime factors of q(-7)?
23
Let v be -2 - (3 + -2 + -7). Suppose -5*w - 2*o - 18 = -4*o, -v*w - o - 17 = 0. What are the prime factors of 2 + w/(4/(-11))?
13
Let u = -6 + 10. Suppose -a + 6 = 2*o, 9 = -u*a - 5*o + 48. List the prime factors of a.
2
Let j(l) = -l**2 + l. Let t be j(0). Suppose 3*o + o = -2*z - 2, -3*o - 4*z - 14 = 0. What are the prime factors of 13 - o*(t - -1)?
11
Let c = -11 + 17. Let t = -6 - -9. Suppose -t*j + c = -2*j. List the prime factors of j.
2, 3
Let v = 1 + -1. Let c(p) = -p**3 + 10*p**2 - 8*p. Let l be c(9). Suppose -2*s + s + l = v. What are the prime factors of s?
3
Let k = 30 + -18. Suppose 5*g = 4*h - 2*h - 42, 0 = -h - 2*g + k. List the prime factors of h.
2
List the prime factors of (-5 - 66/(-3))*5.
5, 17
Let w(g) = -g. Let f(c) = c**3 + 11*c**2 - 13*c + 13. Let x(o) = -f(o) + 3*w(o). What are the prime factors of x(-12)?
11
Let c = 65 + -3. List the prime factors of c.
2, 31
Suppose -3*v + 9 + 0 = 0. List the prime factors of (1 + -11)/(v/(-9)).
2, 3, 5
Let w(j) = -j + 2. Let q be w(-2). Suppose -q*h + 68 = 4. What are the prime factors of h?
2
Let w = 3 + -2. List the prime factors of (-5 - -4)*-22*w.
2, 11
Let x(l) = l**2 - l + 34. List the prime factors of x(0).
2, 17
Let h(w) = 4*w**2 + 4*w + 2. List the prime factors of h(-2).
2, 5
Let k(z) = -z + 7. Let a(g) = -g - 18. Let i be a(-8). What are the prime factors of k(i)?
17
Suppose 5*u - 370 = 7*l - 3*l, -2*u + 148 = -3*l. What are the prime factors of u?
2, 37
Let v(m) = -m**3 + 4*m**2 + 6*m - 5. Let a be v(5). Suppose a*l = -l + 12. What are the prime factors of l?
2, 3
Let p be 0 - (-5)/((-10)/(-4)). Suppose p*z - 3 = 7. List the prime factors of z.
5
List the prime factors of (-3)/(-2)*(-1044)/(-54).
29
Suppose 6*d = 2*m + 3*d + 1, -d + 3 = 0. What are the prime factors of m?
2
Suppose -30*u = -32*u + 102. What are the prime factors of u?
3, 17
Suppose g - 48 = -3*g. Suppose 4*q - g = 8. List the prime factors of q.
5
Suppose 0*m - 140 = -2*m - 5*q, 0 = -m - 4*q + 64. List the prime factors of m.
2, 5
Let k(o) = 5*o. Let b be k(2). Suppose 2*y = b + 18. List the prime factors of y.
2, 7
Let k = 268 + -101. What are the prime factors of k?
167
Let n be (1/(-2))/(2/(-16)). Let u(s) = 2 + 0 - 4 - 4 + 3*s. What are the prime factors of u(n)?
2, 3
Suppose 2*c = 5*c - 114. What are the prime factors of c?
2, 19
Let m(c) = -15*c. Let w(q) = 2*q. Let p(y) = -3*m(y) - 25*w(y). What are the prime factors of p(-1)?
5
Let c = 4 - 2. Let u(i) = -i**c - 2 + 4 + 6. What are